{"id":3750,"date":"2022-01-31T04:04:38","date_gmt":"2022-01-31T07:04:38","guid":{"rendered":"http:\/\/nobilehoteis.web2121.uni5.net\/?page_id=3750"},"modified":"2022-01-31T04:07:51","modified_gmt":"2022-01-31T07:07:51","slug":"politica-de-hospedagem","status":"publish","type":"page","link":"https:\/\/www.nobilehoteis.com.br\/english\/politica-de-hospedagem\/","title":{"rendered":"Pol\u00edtica de Hospedagem"},"content":{"rendered":"\t\t<div data-elementor-type=\"wp-page\" data-elementor-id=\"3750\" class=\"elementor elementor-3750\" data-elementor-post-type=\"page\">\n\t\t\t\t\t\t<section class=\"elementor-section elementor-top-section elementor-element elementor-element-954018c elementor-section-boxed elementor-section-height-default elementor-section-height-default\" data-id=\"954018c\" data-element_type=\"section\" data-e-type=\"section\" data-settings=\"{&quot;background_background&quot;:&quot;classic&quot;}\">\n\t\t\t\t\t\t<div class=\"elementor-container elementor-column-gap-default\">\n\t\t\t\t\t<div class=\"elementor-column elementor-col-100 elementor-top-column elementor-element elementor-element-1dfcaec\" data-id=\"1dfcaec\" data-element_type=\"column\" data-e-type=\"column\">\n\t\t\t<div class=\"elementor-widget-wrap elementor-element-populated\">\n\t\t\t\t\t\t<div class=\"elementor-element elementor-element-a0ac3c5 elementor-widget elementor-widget-heading\" data-id=\"a0ac3c5\" data-element_type=\"widget\" data-e-type=\"widget\" data-widget_type=\"heading.default\">\n\t\t\t\t<div class=\"elementor-widget-container\">\n\t\t\t\t\t<h2 class=\"elementor-heading-title elementor-size-default\">Pol\u00edtica de Hospedagem<\/h2>\t\t\t\t<\/div>\n\t\t\t\t<\/div>\n\t\t\t\t\t<\/div>\n\t\t<\/div>\n\t\t\t\t\t<\/div>\n\t\t<\/section>\n\t\t\t\t<section class=\"elementor-section elementor-top-section elementor-element elementor-element-e3a8ad7 elementor-section-boxed elementor-section-height-default elementor-section-height-default\" data-id=\"e3a8ad7\" data-element_type=\"section\" data-e-type=\"section\">\n\t\t\t\t\t\t<div class=\"elementor-container elementor-column-gap-default\">\n\t\t\t\t\t<div class=\"elementor-column elementor-col-100 elementor-top-column elementor-element elementor-element-fbbc2d9\" data-id=\"fbbc2d9\" data-element_type=\"column\" data-e-type=\"column\">\n\t\t\t<div class=\"elementor-widget-wrap elementor-element-populated\">\n\t\t\t\t\t\t<div class=\"elementor-element elementor-element-8613830 elementor-widget elementor-widget-text-editor\" data-id=\"8613830\" data-element_type=\"widget\" data-e-type=\"widget\" data-widget_type=\"text-editor.default\">\n\t\t\t\t<div class=\"elementor-widget-container\">\n\t\t\t\t\t\t\t\t\t<p>Por determina\u00e7\u00e3o da Lei Federal n\u00ba 8.069, de 13\/07\/1990 (art. 250 da Lei n\u00ba 8.069, de 13 de julho de 1990), n\u00e3o ser\u00e1 permitida a hospedagem de menores de 18 (dezoito) anos, salvo se acompanhados por seus pais ou respons\u00e1vel.<\/p><p>Caso o menor esteja acompanhado apenas de seu respons\u00e1vel ser\u00e1 necess\u00e1rio apresentar, no momento do check in, documento de autoriza\u00e7\u00e3o da hospedagem do menor feito por escrito e assinado pelos pais, com firmas reconhecidas em cart\u00f3rio. Independente de qualquer outra disposi\u00e7\u00e3o todos os menores de 18 (dezoito) anos dever\u00e3o apresentar, no momento do check in, documento com foto (RG ou Certid\u00e3o de Nascimento e\/ou passaporte para estrangeiros). A documenta\u00e7\u00e3o serve para comprova\u00e7\u00e3o de identidade e filia\u00e7\u00e3o ainda que acompanhados de seus pais.<\/p><p>A hospedagem de menor estrangeiro deve respeitar as mesmas orienta\u00e7\u00f5es acima e seguir as leis em vigor.<\/p>\t\t\t\t\t\t\t\t<\/div>\n\t\t\t\t<\/div>\n\t\t\t\t\t<\/div>\n\t\t<\/div>\n\t\t\t\t\t<\/div>\n\t\t<\/section>\n\t\t\t\t<\/div>\n\t\t","protected":false},"excerpt":{"rendered":"<p>Pol\u00edtica de Hospedagem Por determina\u00e7\u00e3o da Lei Federal n\u00ba 8.069, de 13\/07\/1990 (art. 250 da Lei n\u00ba 8.069, de 13 de julho de 1990), n\u00e3o ser\u00e1 permitida a hospedagem de menores de 18 (dezoito) anos, salvo se acompanhados por seus pais ou respons\u00e1vel. Caso o menor esteja acompanhado apenas de seu respons\u00e1vel ser\u00e1 necess\u00e1rio apresentar, [&hellip;]<\/p>\n","protected":false},"author":1,"featured_media":0,"parent":0,"menu_order":0,"comment_status":"closed","ping_status":"closed","template":"","meta":{"footnotes":""},"class_list":["post-3750","page","type-page","status-publish","hentry"],"_links":{"self":[{"href":"https:\/\/www.nobilehoteis.com.br\/english\/wp-json\/wp\/v2\/pages\/3750","targetHints":{"allow":["GET"]}}],"collection":[{"href":"https:\/\/www.nobilehoteis.com.br\/english\/wp-json\/wp\/v2\/pages"}],"about":[{"href":"https:\/\/www.nobilehoteis.com.br\/english\/wp-json\/wp\/v2\/types\/page"}],"author":[{"embeddable":true,"href":"https:\/\/www.nobilehoteis.com.br\/english\/wp-json\/wp\/v2\/users\/1"}],"replies":[{"embeddable":true,"href":"https:\/\/www.nobilehoteis.com.br\/english\/wp-json\/wp\/v2\/comments?post=3750"}],"version-history":[{"count":0,"href":"https:\/\/www.nobilehoteis.com.br\/english\/wp-json\/wp\/v2\/pages\/3750\/revisions"}],"wp:attachment":[{"href":"https:\/\/www.nobilehoteis.com.br\/english\/wp-json\/wp\/v2\/media?parent=3750"}],"curies":[{"name":"wp","href":"https:\/\/api.w.org\/{rel}","templated":true}]}}